7 + 5?
-6825132
In base 9, what is 3 - 16624425?
-16624422
In base 15, what is -1e845d + 7?
-1e8456
In base 5, what is -24 - 3204412404?
-3204412433
In base 4, what is 333 + -333210322?
-333203323
In base 3, what is 2102101102221 + -1101?
2102101101120
In base 10, what is -19709 + -28635?
-48344
In base 3, what is 2 - 101021112101020?
-101021112101011
In base 16, what is 1b3b3 - -38?
1b3eb
In base 12, what is 90946ab3 - -1?
90946ab4
In base 16, what is -95e8c + 13?
-95e79
In base 7, what is 4654431 - -4?
4654435
In base 3, what is -21002100 - 1122220010?
-1220222110
In base 16, what is -283 - -11803?
11580
In base 3, what is -11120 - 200100120021?
-200100201211
In base 11, what is -10428 + -263a?
-12a67
In base 6, what is 4 + -12235425513?
-12235425505
In base 11, what is 9 + 12a8249?
12a8257
In base 10, what is -6 - -5498113?
5498107
In base 16, what is -5 + 31e4c3?
31e4be
In base 7, what is -1003 - 1040100?
-1041103
In base 10, what is 1583350 + 4?
1583354
In base 15, what is 54cec65 - 0?
54cec65
In base 13, what is 6a + 4a19?
4a86
In base 16, what is -4632 - 51b?
-4b4d
In base 2, what is 100111100 - 100001010011000?
-100000101011100
In base 8, what is 2162007 - -3?
2162012
In base 13, what is 15856600 + -1?
158565cc
In base 11, what is -44776a33 + -3?
-44776a36
In base 16, what is c3 - 3c1ab5?
-3c19f2
In base 16, what is -ac - -16a55f?
16a4b3
In base 16, what is 944ebcb - -4?
944ebcf
In base 8, what is 5 + 6747235?
6747242
In base 8, what is -306635160 + 3?
-306635155
In base 8, what is -727130174 - -2?
-727130172
In base 14, what is 8a09 - -21581?
2a18a
In base 3, what is 1 + 210201221012121?
210201221012122
In base 6, what is 103 - 3320051?
-3315544
In base 14, what is 3 - da4147?
-da4144
In base 3, what is 101100112222 - 210?
101100112012
In base 7, what is 1 - -651240405?
651240406
In base 9, what is -738785 + 23?
-738762
In base 12, what is -6726 - 21b9?
-8923
In base 12, what is -2424a + -2684?
-26912
In base 15, what is c863a + 1b?
c8656
In base 9, what is 230643647 + 7?
230643655
In base 6, what is 51305102 + 1?
51305103
In base 8, what is 1405623 - 62?
1405541
In base 9, what is 1 + -440404255?
-440404254
In base 11, what is -34 + -33849?
-33882
In base 11, what is 7 + 545368?
545374
In base 5, what is 2300131 + -420031?
1330100
In base 10, what is -23840 - -372?
-23468
In base 16, what is -21 - 787544?
-787565
In base 14, what is 0 + -1c828c?
-1c828c
In base 2, what is 101100101111000010001101010 + -1000?
101100101111000010001100010
In base 12, what is -3b9 - -4?
-3b5
In base 8, what is 1500215711 - 3?
1500215706
In base 4, what is 11 - 1003303101133?
-1003303101122
In base 8, what is 176211 + -134?
176055
In base 9, what is -11 - 2627307?
-2627318
In base 9, what is -352773 + -17?
-352801
In base 11, what is -a9837a89 + 3?
-a9837a86
In base 13, what is -17491 + -282?
-17743
In base 8, what is -50025240 + 30?
-50025210
In base 13, what is -556 + -bc0cb?
-bc654
In base 13, what is 1 + 2c37347?
2c37348
In base 8, what is -2137554470 - -1?
-2137554467
In base 10, what is 589169 - 25?
589144
In base 9, what is 246878248 + -2?
246878246
In base 12, what is -6 + 23464265?
2346425b
In base 2, what is -10100 - 101000011011100001?
-101000011011110101
In base 2, what is 1010010001011010111 - 1100?
1010010001011001011
In base 13, what is -1 - 2146100a?
-2146100b
In base 6, what is 31 - -141425404?
141425435
In base 12, what is -19 + -3234b69?
-3234b86
In base 10, what is 0 - 71616519?
-71616519
In base 8, what is -60026316 + 4?
-60026312
In base 11, what is 4 + 560aa8?
561001
In base 13, what is 34 + 4c9c37?
4c9c6b
In base 2, what is 110101101101010100001 + -101?
110101101101010011100
In base 11, what is 22487 + 1726?
24102
In base 7, what is 14 + -14521544?
-14521530
In base 10, what is 112082786 - -1?
112082787
In base 3, what is 12 + -121010200200001?
-121010200122212
In base 12, what is 3 - 5011397?
-5011394
In base 3, what is 22 - -121222210011120?
121222210011212
In base 12, what is -11 - 7b54a82?
-7b54a93
In base 13, what is -1b77ca - -7b?
-1b774c
In base 13, what is -1ba2a1 + 15?
-1ba289
In base 15, what is 3 + -2ea9174?
-2ea9171
In base 16, what is e - 1b5c32e?
-1b5c320
In base 8, what is 2 + -42355720?
-42355716
In base 3, what is 2121 + -21000100010?
-21000020112
In base 7, what is 1224 + 511245?
512502
In base 6, what is 1041125 + 55141?
1140310
In base 8, what is -2000616 + 74?
-2000522
In base 8, what is -1 + 26724055?
26724054
In base 16, what is 6eb95 + -195?
6ea00
In base 2, what is -110101110110010100001010001 - 0?
-110101110110010100001010001
In base 10, what is 0 - -144126148?
144126148
In base 9, what is 241 + 180867?
181218
In base 9, what is -13551160 - -177?
-13550872
In base 16, what is 60 + -e5749?
-e56e9
In base 16, what is 34140f3 - 4?
34140ef
In base 9, what is -15461 + -45113?
-61574
In base 2, what is -10001010011100110011101100001 - 10?
-10001010011100110011101100011
In base 14, what is 43 - 12422?
-123bd
In base 4, what is 223010002 + 100223?
223110231
In base 14, what is -1b6b5a04 - 5?
-1b6b5a09
In base 14, what is -3 + -1a869b?
-1a86a0
In base 15, what is 4c5b2a2 + 6?
4c5b2a8
In base 8, what is 44122 + 17220?
63342
In base 4, what is 10 + -101230322213113?
-101230322213103
In base 4, what is -3 - 20210103000?
-20210103003
In base 11, what is 167 + 2a2006?
2a2172
In base 8, what is -20154001 + -5?
-20154006
In base 13, what is 9 - 404ac5?
-404ab9
In base 16, what is -1a2b - 15c?
-1b87
In base 6, what is 0 + -1012352355?
-1012352355
In base 16, what is 309 - a36?
-72d
In base 3, what is 2002010 - 1222222220?
-1220220210
In base 11, what is 38882 + 989?
39760
In base 2, what is -110110001110010010001 + -110110?
-110110001110011000111
In base 13, what is -16708 - -30b?
-163ca
In base 9, what is -1 - -85805163?
85805162
In base 9, what is 13700681 + 3?
13700684
In base 5, what is 303 - 1240140243?
-1240134440
In base 7, what is -2 + 11026042?
11026040
In base 8, what is -1 + -22523524?
-22523525
In base 13, what is -113889 - -3?
-113886
In base 6, what is -5 + 120232525?
120232520
In base 10, what is -181562 - 1881?
-183443
In base 10, what is 36217169 + 24?
36217193
In base 13, what is a0a9c + -116?
a0986
In base 9, what is 2508735 + 80?
2508825
In base 3, what is -11101112101101 - -10?
-11101112101021
In base 13, what is 21 + 11784b?
11786c
In base 12, what is 172 + -216809?
-216657
In base 11, what is -11215 + 234?
-10a91
In base 3, what is -2101110222200 - 0?
-2101110222200
In base 4, what is -23110213 - -210120?
-22300033
In base 15, what is -25 - 8ccac?
-8ccd2
In base 7, what is 10606435 - -321?
10610056
In base 12, what is -6212a7b - 0?
-6212a7b
In base 3, what is -10222001211200 + -11?
-10222001211211
In base 4, what is -10000313 - -11032?
-3323221
In base 6, what is 21243345 + -1154?
21242151
In base 13, what is -9274a9 + -1?
-9274aa
In base 7, what is 21141 - 31624?
-10453
In base 2, what is -1 - -1111010001101011110?
1111010001101011101
In base 2, what is 0 + -1110001110101110111110101?
-1110001110101110111110101
In base 3, what is 101010 + 1110101100?
1110202110
In base 10, what is -5748 + 22994?
17246
In base 8, what is -47157 + -375?
-47554
In base 14, what is 19db - -7c21?
981c
In base 6, what is -1 - -434005524?
434005523
In base 7, what is -12300 + 1150?
-11120
In base 14, what is -272a - -b37?
-19d3
In base 15, what is -10127798 + 4?
-10127794
In base 2, what is -110010100001 + -11111001111010010?
-100000000001110011
In base 15, what is -5 - -96bb74?
96bb6e
In base 11, what is 43092a64 + 8?
43092a71
In base 3, what is 1120201222122 + 1200?
1120202001022
In base 4, what is 13003231300 - -230?
13003232130
In base 6, what is -2103252001 + 4?
-2103251553
In base 10, what is -6166992 + -1?
-6166993
In base 5, what is -10401 - 41212312?
-41223213
In base 2, what is -101 + 11000011101011000010?
11000011101010111101
In base 11, what is 438a31 - -1a?
438a50
In base 13, what is 4325c64 - 3?
4325c61
In base 14, what is -1 + -2b62637?
-2b62638
In base 3, what is 21 + -1000121101000000?
-1000121100222202
In base 15, what is 8 + 36477c?
364785
In base 9, what is -460 - 62471?
-63041
In base 12, what is -250ba5 + 37?
-250b6a
In base 7, what is -120410362 - -3?
-120410356
In base 8, what is -24502 - -1110